{"id":18,"date":"2017-01-03T09:46:57","date_gmt":"2017-01-03T07:46:57","guid":{"rendered":"http:\/\/whm24.louhi.net\/~northcar\/swe\/?page_id=18"},"modified":"2023-02-25T15:44:53","modified_gmt":"2023-02-25T13:44:53","slug":"auton-esittely","status":"publish","type":"page","link":"https:\/\/www.northcaravan.fi\/swe\/auton-esittely\/","title":{"rendered":"Husbil presentation"},"content":{"rendered":"<div class=\"palsta500\">\n<p>Detta \u00e4r en ny l\u00e5g k\u00f6rstr\u00e4cka h\u00f6g kvalitet tyska LMC husbil.Bil \u00e4r v\u00e4l l\u00e4mpad f\u00f6r en liten familj eller tv\u00e5 par.<\/p>\n<p>Med bil \u00e4r m\u00f6jligt att hyra all n\u00f6dv\u00e4ndig utrustning, s\u00e5som s\u00e4ngkl\u00e4der och alla k\u00f6ks upp r\u00e4tter, inklusive cykeluthyrning \u00e4r framg\u00e5ngsrik. Bilen har en stor garaget d\u00e4r cykeln \u00e4r perfekt.<\/p>\n<p>Bilen har en stor markis och under vilket \u00e4r trevligt att sitta p\u00e5 en sommarkv\u00e4ll, kan en grill och tr\u00e4dg\u00e5rdsm\u00f6bler ocks\u00e5 v\u00e4lja fr\u00e5n tillg\u00e4ngliga utrustningen.<\/p>\n<p>Kallare \u00e5rstiden vatten centralv\u00e4rme \u00e4r en trevlig tyst och effektiv, innefattar \u00e4ven golvv\u00e4rmeanl\u00e4ggningar.<\/p>\n<\/div>\n<div class=\"palsta500\">\n<h4>Pakeringshj\u00e4lp<\/h4>\n<p>Ha koll. Backkameran visar i en stor radie vad som sker bakom husbilen.<\/p>\n<h4>H\u00f6g sovkomfort<\/h4>\n<p>Flerzons kallskummsmadrasser f\u00f6r h\u00f6gsta sovkomfort och st\u00f6d f\u00f6r varje enskild kroppsdel \u00e4r standard i alla s\u00e4ngar.<\/p>\n<h4>Utdragbar ribotten<\/h4>\n<p>De praktiska utdragbara s\u00e4ngbottnarna f\u00f6rvandlar enkels\u00e4ngarna till en rymlig dubbels\u00e4ng med ett enda handgrepp.<\/p>\n<h4>Elektrisk intervallt\u00e4ndning<\/h4>\n<p>Lek inte med elden. Den elektriska intervallt\u00e4ndningen m\u00f6jlig\u00f6r en komfortabel t\u00e4ndning av spisplattorna.<\/p>\n<h4>Vinterprestanda<\/h4>\n<p>Uppv\u00e4rmda och isolerade vattentankar m\u00f6jligg\u00f6r \u00e4ven resor i den kalla \u00e5rstiden.<\/p>\n<\/div>\n<div class=\"rivi\">\n<figure id=\"attachment_100\" aria-describedby=\"caption-attachment-100\" style=\"width: 300px\" class=\"wp-caption alignleft\"><a href=\"http:\/\/www.northcaravan.fi\/wp-content\/uploads\/2016\/12\/asuntoauto_esittely1D.jpg\" data-rel=\"lightbox-image-0\" data-rl_title=\"\" data-rl_caption=\"\" title=\"\"><img loading=\"lazy\" decoding=\"async\" class=\"wp-image-100 size-medium\" src=\"http:\/\/www.northcaravan.fi\/wp-content\/uploads\/2016\/12\/asuntoauto_esittely1D-300x200.jpg\" alt=\"Husbil LMC H737G\" width=\"300\" height=\"200\" \/><\/a><figcaption id=\"caption-attachment-100\" class=\"wp-caption-text\">Husbil LMC H737G<\/figcaption><\/figure>\n<figure id=\"attachment_101\" aria-describedby=\"caption-attachment-101\" style=\"width: 300px\" class=\"wp-caption alignleft\"><a href=\"http:\/\/www.northcaravan.fi\/wp-content\/uploads\/2016\/12\/asuntoauto_esittely1E.jpg\" data-rel=\"lightbox-image-1\" data-rl_title=\"\" data-rl_caption=\"\" title=\"\"><img loading=\"lazy\" decoding=\"async\" class=\"wp-image-101 size-medium\" src=\"http:\/\/www.northcaravan.fi\/wp-content\/uploads\/2016\/12\/asuntoauto_esittely1E-300x200.jpg\" alt=\"Markis\" width=\"300\" height=\"200\" \/><\/a><figcaption id=\"caption-attachment-101\" class=\"wp-caption-text\">Markis<\/figcaption><\/figure>\n<figure id=\"attachment_104\" aria-describedby=\"caption-attachment-104\" style=\"width: 300px\" class=\"wp-caption alignleft\"><a href=\"http:\/\/www.northcaravan.fi\/wp-content\/uploads\/2016\/12\/asuntoauto_esittely1F-1.jpg\" data-rel=\"lightbox-image-2\" data-rl_title=\"\" data-rl_caption=\"\" title=\"\"><img loading=\"lazy\" decoding=\"async\" class=\"wp-image-104 size-medium\" src=\"http:\/\/www.northcaravan.fi\/wp-content\/uploads\/2016\/12\/asuntoauto_esittely1F-1-300x200.jpg\" alt=\"Solskyd\" width=\"300\" height=\"200\" \/><\/a><figcaption id=\"caption-attachment-104\" class=\"wp-caption-text\">Solskyd<\/figcaption><\/figure>\n<figure id=\"attachment_105\" aria-describedby=\"caption-attachment-105\" style=\"width: 300px\" class=\"wp-caption alignleft\"><a href=\"http:\/\/www.northcaravan.fi\/wp-content\/uploads\/2016\/12\/asuntoauto_esittely1H.jpg\" data-rel=\"lightbox-image-3\" data-rl_title=\"\" data-rl_caption=\"\" title=\"\"><img loading=\"lazy\" decoding=\"async\" class=\"wp-image-105 size-medium\" src=\"http:\/\/www.northcaravan.fi\/wp-content\/uploads\/2016\/12\/asuntoauto_esittely1H-300x200.jpg\" alt=\"campingplats \" width=\"300\" height=\"200\" \/><\/a><figcaption id=\"caption-attachment-105\" class=\"wp-caption-text\">campingplats<\/figcaption><\/figure>\n<figure id=\"attachment_106\" aria-describedby=\"caption-attachment-106\" style=\"width: 300px\" class=\"wp-caption alignleft\"><a href=\"http:\/\/www.northcaravan.fi\/wp-content\/uploads\/2016\/12\/asuntoauto_esittely1AA.jpg\" data-rel=\"lightbox-image-4\" data-rl_title=\"\" data-rl_caption=\"\" title=\"\"><img loading=\"lazy\" decoding=\"async\" class=\"wp-image-106 size-medium\" src=\"http:\/\/www.northcaravan.fi\/wp-content\/uploads\/2016\/12\/asuntoauto_esittely1AA-300x200.jpg\" alt=\"LMC H737G, Grundplan \" width=\"300\" height=\"200\" \/><\/a><figcaption id=\"caption-attachment-106\" class=\"wp-caption-text\">LMC H737G, Grundplan<\/figcaption><\/figure>\n<figure id=\"attachment_109\" aria-describedby=\"caption-attachment-109\" style=\"width: 300px\" class=\"wp-caption alignleft\"><a href=\"http:\/\/www.northcaravan.fi\/wp-content\/uploads\/2016\/12\/asuntoauto_esittely1AAA.jpg\" data-rel=\"lightbox-image-5\" data-rl_title=\"\" data-rl_caption=\"\" title=\"\"><img loading=\"lazy\" decoding=\"async\" class=\"wp-image-109 size-medium\" src=\"http:\/\/www.northcaravan.fi\/wp-content\/uploads\/2016\/12\/asuntoauto_esittely1AAA-300x200.jpg\" alt=\"Matplats \" width=\"300\" height=\"200\" \/><\/a><figcaption id=\"caption-attachment-109\" class=\"wp-caption-text\">Matplats<\/figcaption><\/figure>\n<figure id=\"attachment_107\" aria-describedby=\"caption-attachment-107\" style=\"width: 300px\" class=\"wp-caption alignleft\"><a href=\"http:\/\/www.northcaravan.fi\/wp-content\/uploads\/2016\/12\/asuntoauto_esittely1G.jpg\" data-rel=\"lightbox-image-6\" data-rl_title=\"\" data-rl_caption=\"\" title=\"\"><img loading=\"lazy\" decoding=\"async\" class=\"wp-image-107 size-medium\" src=\"http:\/\/www.northcaravan.fi\/wp-content\/uploads\/2016\/12\/asuntoauto_esittely1G-300x200.jpg\" alt=\"Garage \" width=\"300\" height=\"200\" \/><\/a><figcaption id=\"caption-attachment-107\" class=\"wp-caption-text\">Garage<\/figcaption><\/figure>\n<figure id=\"attachment_77\" aria-describedby=\"caption-attachment-77\" style=\"width: 300px\" class=\"wp-caption alignleft\"><a href=\"http:\/\/www.northcaravan.fi\/wp-content\/uploads\/2016\/12\/asuntoauto_esittely4.jpg\" data-rel=\"lightbox-image-7\" data-rl_title=\"\" data-rl_caption=\"\" title=\"\"><img loading=\"lazy\" decoding=\"async\" class=\"wp-image-77 size-medium\" src=\"http:\/\/www.northcaravan.fi\/wp-content\/uploads\/2016\/12\/asuntoauto_esittely4-300x200.jpg\" alt=\"K\u00f6k\" width=\"300\" height=\"200\" \/><\/a><figcaption id=\"caption-attachment-77\" class=\"wp-caption-text\">K\u00f6k<\/figcaption><\/figure>\n<figure id=\"attachment_84\" aria-describedby=\"caption-attachment-84\" style=\"width: 300px\" class=\"wp-caption alignleft\"><a href=\"http:\/\/www.northcaravan.fi\/wp-content\/uploads\/2016\/12\/asuntoauto_esittely11.jpg\" data-rel=\"lightbox-image-8\" data-rl_title=\"\" data-rl_caption=\"\" title=\"\"><img loading=\"lazy\" decoding=\"async\" class=\"wp-image-84 size-medium\" src=\"http:\/\/www.northcaravan.fi\/wp-content\/uploads\/2016\/12\/asuntoauto_esittely11-300x200.jpg\" alt=\"TV\" width=\"300\" height=\"200\" \/><\/a><figcaption id=\"caption-attachment-84\" class=\"wp-caption-text\">TV<\/figcaption><\/figure>\n<figure id=\"attachment_83\" aria-describedby=\"caption-attachment-83\" style=\"width: 300px\" class=\"wp-caption alignleft\"><a href=\"http:\/\/www.northcaravan.fi\/wp-content\/uploads\/2016\/12\/asuntoauto_esittely10.jpg\" data-rel=\"lightbox-image-9\" data-rl_title=\"\" data-rl_caption=\"\" title=\"\"><img loading=\"lazy\" decoding=\"async\" class=\"wp-image-83 size-medium\" src=\"http:\/\/www.northcaravan.fi\/wp-content\/uploads\/2016\/12\/asuntoauto_esittely10-300x200.jpg\" alt=\"Vatten centralv\u00e4rme\" width=\"300\" height=\"200\" \/><\/a><figcaption id=\"caption-attachment-83\" class=\"wp-caption-text\">Vatten centralv\u00e4rme<\/figcaption><\/figure>\n<figure id=\"attachment_82\" aria-describedby=\"caption-attachment-82\" style=\"width: 300px\" class=\"wp-caption alignleft\"><a href=\"http:\/\/www.northcaravan.fi\/wp-content\/uploads\/2016\/12\/asuntoauto_esittely9.jpg\" data-rel=\"lightbox-image-10\" data-rl_title=\"\" data-rl_caption=\"\" title=\"\"><img loading=\"lazy\" decoding=\"async\" class=\"wp-image-82 size-medium\" src=\"http:\/\/www.northcaravan.fi\/wp-content\/uploads\/2016\/12\/asuntoauto_esittely9-300x200.jpg\" alt=\"Kyl sk\u00e5pe\" width=\"300\" height=\"200\" \/><\/a><figcaption id=\"caption-attachment-82\" class=\"wp-caption-text\">Kyl sk\u00e5pe<\/figcaption><\/figure>\n<figure id=\"attachment_80\" aria-describedby=\"caption-attachment-80\" style=\"width: 300px\" class=\"wp-caption alignleft\"><a href=\"http:\/\/www.northcaravan.fi\/wp-content\/uploads\/2016\/12\/asuntoauto_esittely7.jpg\" data-rel=\"lightbox-image-11\" data-rl_title=\"\" data-rl_caption=\"\" title=\"\"><img loading=\"lazy\" decoding=\"async\" class=\"size-medium wp-image-80\" src=\"http:\/\/www.northcaravan.fi\/wp-content\/uploads\/2016\/12\/asuntoauto_esittely7-300x200.jpg\" alt=\"WC\" width=\"300\" height=\"200\" \/><\/a><figcaption id=\"caption-attachment-80\" class=\"wp-caption-text\">WC<\/figcaption><\/figure>\n<figure id=\"attachment_111\" aria-describedby=\"caption-attachment-111\" style=\"width: 300px\" class=\"wp-caption alignleft\"><a href=\"http:\/\/www.northcaravan.fi\/wp-content\/uploads\/2016\/12\/asuntoauto_esittely6B.jpg\" data-rel=\"lightbox-image-12\" data-rl_title=\"\" data-rl_caption=\"\" title=\"\"><img loading=\"lazy\" decoding=\"async\" class=\"wp-image-111 size-medium\" src=\"http:\/\/www.northcaravan.fi\/wp-content\/uploads\/2016\/12\/asuntoauto_esittely6B-300x200.jpg\" alt=\"Dusch\" width=\"300\" height=\"200\" \/><\/a><figcaption id=\"caption-attachment-111\" class=\"wp-caption-text\">Dusch<\/figcaption><\/figure>\n<figure id=\"attachment_78\" aria-describedby=\"caption-attachment-78\" style=\"width: 300px\" class=\"wp-caption alignleft\"><a href=\"http:\/\/www.northcaravan.fi\/wp-content\/uploads\/2016\/12\/asuntoauto_esittely5.jpg\" data-rel=\"lightbox-image-13\" data-rl_title=\"\" data-rl_caption=\"\" title=\"\"><img loading=\"lazy\" decoding=\"async\" class=\"wp-image-78 size-medium\" src=\"http:\/\/www.northcaravan.fi\/wp-content\/uploads\/2016\/12\/asuntoauto_esittely5-300x200.jpg\" alt=\"Sovrum \" width=\"300\" height=\"200\" \/><\/a><figcaption id=\"caption-attachment-78\" class=\"wp-caption-text\">Sovrum<\/figcaption><\/figure>\n<figure id=\"attachment_76\" aria-describedby=\"caption-attachment-76\" style=\"width: 300px\" class=\"wp-caption alignleft\"><a href=\"http:\/\/www.northcaravan.fi\/wp-content\/uploads\/2016\/12\/asuntoauto_esittely3.jpg\" data-rel=\"lightbox-image-14\" data-rl_title=\"\" data-rl_caption=\"\" title=\"\"><img loading=\"lazy\" decoding=\"async\" class=\"wp-image-76 size-medium\" src=\"http:\/\/www.northcaravan.fi\/wp-content\/uploads\/2016\/12\/asuntoauto_esittely3-300x200.jpg\" alt=\"Cab\" width=\"300\" height=\"200\" \/><\/a><figcaption id=\"caption-attachment-76\" class=\"wp-caption-text\">Cab<\/figcaption><\/figure>\n<figure id=\"attachment_114\" aria-describedby=\"caption-attachment-114\" style=\"width: 300px\" class=\"wp-caption alignleft\"><a href=\"http:\/\/www.northcaravan.fi\/wp-content\/uploads\/2016\/12\/nostovuode.jpg\" data-rel=\"lightbox-image-15\" data-rl_title=\"\" data-rl_caption=\"\" title=\"\"><img loading=\"lazy\" decoding=\"async\" class=\"wp-image-114 size-medium\" src=\"http:\/\/www.northcaravan.fi\/wp-content\/uploads\/2016\/12\/nostovuode-300x200.jpg\" alt=\"Lyft s\u00e4ng\" width=\"300\" height=\"200\" \/><\/a><figcaption id=\"caption-attachment-114\" class=\"wp-caption-text\">Lyft s\u00e4ng<\/figcaption><\/figure>\n<figure id=\"attachment_115\" aria-describedby=\"caption-attachment-115\" style=\"width: 300px\" class=\"wp-caption alignleft\"><a href=\"http:\/\/www.northcaravan.fi\/wp-content\/uploads\/2016\/12\/makuuhuone.jpg\" data-rel=\"lightbox-image-16\" data-rl_title=\"\" data-rl_caption=\"\" title=\"\"><img loading=\"lazy\" decoding=\"async\" class=\"wp-image-115 size-medium\" src=\"http:\/\/www.northcaravan.fi\/wp-content\/uploads\/2016\/12\/makuuhuone-300x200.jpg\" alt=\"Sovrum \" width=\"300\" height=\"200\" \/><\/a><figcaption id=\"caption-attachment-115\" class=\"wp-caption-text\">Sovrum<\/figcaption><\/figure>\n<figure id=\"attachment_116\" aria-describedby=\"caption-attachment-116\" style=\"width: 300px\" class=\"wp-caption alignleft\"><a href=\"http:\/\/www.northcaravan.fi\/wp-content\/uploads\/2016\/12\/asuntoauto_esittely1A2.jpg\" data-rel=\"lightbox-image-17\" data-rl_title=\"\" data-rl_caption=\"\" title=\"\"><img loading=\"lazy\" decoding=\"async\" class=\"wp-image-116 size-medium\" src=\"http:\/\/www.northcaravan.fi\/wp-content\/uploads\/2016\/12\/asuntoauto_esittely1A2-300x200.jpg\" alt=\"Norrut\" width=\"300\" height=\"200\" \/><\/a><figcaption id=\"caption-attachment-116\" class=\"wp-caption-text\">Norrut<\/figcaption><\/figure>\n<figure id=\"attachment_117\" aria-describedby=\"caption-attachment-117\" style=\"width: 300px\" class=\"wp-caption alignleft\"><a href=\"http:\/\/www.northcaravan.fi\/wp-content\/uploads\/2016\/12\/matkalla1.jpg\" data-rel=\"lightbox-image-18\" data-rl_title=\"\" data-rl_caption=\"\" title=\"\"><img loading=\"lazy\" decoding=\"async\" class=\"wp-image-117 size-medium\" src=\"http:\/\/www.northcaravan.fi\/wp-content\/uploads\/2016\/12\/matkalla1-300x200.jpg\" alt=\"Norvegia\" width=\"300\" height=\"200\" \/><\/a><figcaption id=\"caption-attachment-117\" class=\"wp-caption-text\">Norvegia<\/figcaption><\/figure>\n<figure id=\"attachment_118\" aria-describedby=\"caption-attachment-118\" style=\"width: 300px\" class=\"wp-caption alignleft\"><a href=\"http:\/\/www.northcaravan.fi\/wp-content\/uploads\/2016\/12\/lofootit2.jpg\" data-rel=\"lightbox-image-19\" data-rl_title=\"\" data-rl_caption=\"\" title=\"\"><img loading=\"lazy\" decoding=\"async\" class=\"wp-image-118 size-medium\" src=\"http:\/\/www.northcaravan.fi\/wp-content\/uploads\/2016\/12\/lofootit2-300x201.jpg\" alt=\" Lofoten \" width=\"300\" height=\"201\" \/><\/a><figcaption id=\"caption-attachment-118\" class=\"wp-caption-text\">Lofoten<\/figcaption><\/figure>\n<\/div>\n","protected":false},"excerpt":{"rendered":"<p>Detta \u00e4r en ny l\u00e5g k\u00f6rstr\u00e4cka h\u00f6g kvalitet tyska LMC husbil.Bil \u00e4r v\u00e4l l\u00e4mpad f\u00f6r en liten familj eller tv\u00e5 par. Med bil \u00e4r m\u00f6jligt att hyra all n\u00f6dv\u00e4ndig utrustning, s\u00e5som s\u00e4ngkl\u00e4der och alla k\u00f6ks upp r\u00e4tter, inklusive cykeluthyrning \u00e4r framg\u00e5ngsrik. Bilen har en stor garaget d\u00e4r cykeln \u00e4r perfekt. Bilen har en stor markis&#8230;<\/p>\n","protected":false},"author":1,"featured_media":0,"parent":0,"menu_order":0,"comment_status":"closed","ping_status":"closed","template":"","meta":{"footnotes":""},"class_list":["post-18","page","type-page","status-publish","hentry"],"yoast_head":"<!-- This site is optimized with the Yoast SEO plugin v27.4 - https:\/\/yoast.com\/product\/yoast-seo-wordpress\/ -->\n<title>Husbil presentation - North Caravan Finland<\/title>\n<meta name=\"robots\" content=\"index, follow, max-snippet:-1, max-image-preview:large, max-video-preview:-1\" \/>\n<link rel=\"canonical\" href=\"https:\/\/www.northcaravan.fi\/swe\/auton-esittely\/\" \/>\n<meta property=\"og:locale\" content=\"fi_FI\" \/>\n<meta property=\"og:type\" content=\"article\" \/>\n<meta property=\"og:title\" content=\"Husbil presentation - North Caravan Finland\" \/>\n<meta property=\"og:description\" content=\"Detta \u00e4r en ny l\u00e5g k\u00f6rstr\u00e4cka h\u00f6g kvalitet tyska LMC husbil.Bil \u00e4r v\u00e4l l\u00e4mpad f\u00f6r en liten familj eller tv\u00e5 par. Med bil \u00e4r m\u00f6jligt att hyra all n\u00f6dv\u00e4ndig utrustning, s\u00e5som s\u00e4ngkl\u00e4der och alla k\u00f6ks upp r\u00e4tter, inklusive cykeluthyrning \u00e4r framg\u00e5ngsrik. Bilen har en stor garaget d\u00e4r cykeln \u00e4r perfekt. Bilen har en stor markis...\" \/>\n<meta property=\"og:url\" content=\"https:\/\/www.northcaravan.fi\/swe\/auton-esittely\/\" \/>\n<meta property=\"og:site_name\" content=\"North Caravan Finland\" \/>\n<meta property=\"article:modified_time\" content=\"2023-02-25T13:44:53+00:00\" \/>\n<meta property=\"og:image\" content=\"http:\/\/www.northcaravan.fi\/wp-content\/uploads\/2016\/12\/asuntoauto_esittely1D-300x200.jpg\" \/>\n<meta name=\"twitter:card\" content=\"summary_large_image\" \/>\n<meta name=\"twitter:label1\" content=\"Arvioitu lukuaika\" \/>\n\t<meta name=\"twitter:data1\" content=\"6 minuuttia\" \/>\n<script type=\"application\/ld+json\" class=\"yoast-schema-graph\">{\"@context\":\"https:\\\/\\\/schema.org\",\"@graph\":[{\"@type\":\"WebPage\",\"@id\":\"https:\\\/\\\/www.northcaravan.fi\\\/swe\\\/auton-esittely\\\/\",\"url\":\"https:\\\/\\\/www.northcaravan.fi\\\/swe\\\/auton-esittely\\\/\",\"name\":\"Husbil presentation - North Caravan Finland\",\"isPartOf\":{\"@id\":\"https:\\\/\\\/www.northcaravan.fi\\\/swe\\\/#website\"},\"primaryImageOfPage\":{\"@id\":\"https:\\\/\\\/www.northcaravan.fi\\\/swe\\\/auton-esittely\\\/#primaryimage\"},\"image\":{\"@id\":\"https:\\\/\\\/www.northcaravan.fi\\\/swe\\\/auton-esittely\\\/#primaryimage\"},\"thumbnailUrl\":\"http:\\\/\\\/www.northcaravan.fi\\\/wp-content\\\/uploads\\\/2016\\\/12\\\/asuntoauto_esittely1D-300x200.jpg\",\"datePublished\":\"2017-01-03T07:46:57+00:00\",\"dateModified\":\"2023-02-25T13:44:53+00:00\",\"breadcrumb\":{\"@id\":\"https:\\\/\\\/www.northcaravan.fi\\\/swe\\\/auton-esittely\\\/#breadcrumb\"},\"inLanguage\":\"fi\",\"potentialAction\":[{\"@type\":\"ReadAction\",\"target\":[\"https:\\\/\\\/www.northcaravan.fi\\\/swe\\\/auton-esittely\\\/\"]}]},{\"@type\":\"ImageObject\",\"inLanguage\":\"fi\",\"@id\":\"https:\\\/\\\/www.northcaravan.fi\\\/swe\\\/auton-esittely\\\/#primaryimage\",\"url\":\"http:\\\/\\\/www.northcaravan.fi\\\/wp-content\\\/uploads\\\/2016\\\/12\\\/asuntoauto_esittely1D-300x200.jpg\",\"contentUrl\":\"http:\\\/\\\/www.northcaravan.fi\\\/wp-content\\\/uploads\\\/2016\\\/12\\\/asuntoauto_esittely1D-300x200.jpg\"},{\"@type\":\"BreadcrumbList\",\"@id\":\"https:\\\/\\\/www.northcaravan.fi\\\/swe\\\/auton-esittely\\\/#breadcrumb\",\"itemListElement\":[{\"@type\":\"ListItem\",\"position\":1,\"name\":\"Etusivu\",\"item\":\"https:\\\/\\\/www.northcaravan.fi\\\/swe\\\/\"},{\"@type\":\"ListItem\",\"position\":2,\"name\":\"Husbil presentation\"}]},{\"@type\":\"WebSite\",\"@id\":\"https:\\\/\\\/www.northcaravan.fi\\\/swe\\\/#website\",\"url\":\"https:\\\/\\\/www.northcaravan.fi\\\/swe\\\/\",\"name\":\"North Caravan Finland\",\"description\":\"Husbil f\u00f6r uthyrning i Finland\",\"potentialAction\":[{\"@type\":\"SearchAction\",\"target\":{\"@type\":\"EntryPoint\",\"urlTemplate\":\"https:\\\/\\\/www.northcaravan.fi\\\/swe\\\/?s={search_term_string}\"},\"query-input\":{\"@type\":\"PropertyValueSpecification\",\"valueRequired\":true,\"valueName\":\"search_term_string\"}}],\"inLanguage\":\"fi\"}]}<\/script>\n<!-- \/ Yoast SEO plugin. -->","yoast_head_json":{"title":"Husbil presentation - North Caravan Finland","robots":{"index":"index","follow":"follow","max-snippet":"max-snippet:-1","max-image-preview":"max-image-preview:large","max-video-preview":"max-video-preview:-1"},"canonical":"https:\/\/www.northcaravan.fi\/swe\/auton-esittely\/","og_locale":"fi_FI","og_type":"article","og_title":"Husbil presentation - North Caravan Finland","og_description":"Detta \u00e4r en ny l\u00e5g k\u00f6rstr\u00e4cka h\u00f6g kvalitet tyska LMC husbil.Bil \u00e4r v\u00e4l l\u00e4mpad f\u00f6r en liten familj eller tv\u00e5 par. Med bil \u00e4r m\u00f6jligt att hyra all n\u00f6dv\u00e4ndig utrustning, s\u00e5som s\u00e4ngkl\u00e4der och alla k\u00f6ks upp r\u00e4tter, inklusive cykeluthyrning \u00e4r framg\u00e5ngsrik. Bilen har en stor garaget d\u00e4r cykeln \u00e4r perfekt. Bilen har en stor markis...","og_url":"https:\/\/www.northcaravan.fi\/swe\/auton-esittely\/","og_site_name":"North Caravan Finland","article_modified_time":"2023-02-25T13:44:53+00:00","og_image":[{"url":"http:\/\/www.northcaravan.fi\/wp-content\/uploads\/2016\/12\/asuntoauto_esittely1D-300x200.jpg","type":"","width":"","height":""}],"twitter_card":"summary_large_image","twitter_misc":{"Arvioitu lukuaika":"6 minuuttia"},"schema":{"@context":"https:\/\/schema.org","@graph":[{"@type":"WebPage","@id":"https:\/\/www.northcaravan.fi\/swe\/auton-esittely\/","url":"https:\/\/www.northcaravan.fi\/swe\/auton-esittely\/","name":"Husbil presentation - North Caravan Finland","isPartOf":{"@id":"https:\/\/www.northcaravan.fi\/swe\/#website"},"primaryImageOfPage":{"@id":"https:\/\/www.northcaravan.fi\/swe\/auton-esittely\/#primaryimage"},"image":{"@id":"https:\/\/www.northcaravan.fi\/swe\/auton-esittely\/#primaryimage"},"thumbnailUrl":"http:\/\/www.northcaravan.fi\/wp-content\/uploads\/2016\/12\/asuntoauto_esittely1D-300x200.jpg","datePublished":"2017-01-03T07:46:57+00:00","dateModified":"2023-02-25T13:44:53+00:00","breadcrumb":{"@id":"https:\/\/www.northcaravan.fi\/swe\/auton-esittely\/#breadcrumb"},"inLanguage":"fi","potentialAction":[{"@type":"ReadAction","target":["https:\/\/www.northcaravan.fi\/swe\/auton-esittely\/"]}]},{"@type":"ImageObject","inLanguage":"fi","@id":"https:\/\/www.northcaravan.fi\/swe\/auton-esittely\/#primaryimage","url":"http:\/\/www.northcaravan.fi\/wp-content\/uploads\/2016\/12\/asuntoauto_esittely1D-300x200.jpg","contentUrl":"http:\/\/www.northcaravan.fi\/wp-content\/uploads\/2016\/12\/asuntoauto_esittely1D-300x200.jpg"},{"@type":"BreadcrumbList","@id":"https:\/\/www.northcaravan.fi\/swe\/auton-esittely\/#breadcrumb","itemListElement":[{"@type":"ListItem","position":1,"name":"Etusivu","item":"https:\/\/www.northcaravan.fi\/swe\/"},{"@type":"ListItem","position":2,"name":"Husbil presentation"}]},{"@type":"WebSite","@id":"https:\/\/www.northcaravan.fi\/swe\/#website","url":"https:\/\/www.northcaravan.fi\/swe\/","name":"North Caravan Finland","description":"Husbil f\u00f6r uthyrning i Finland","potentialAction":[{"@type":"SearchAction","target":{"@type":"EntryPoint","urlTemplate":"https:\/\/www.northcaravan.fi\/swe\/?s={search_term_string}"},"query-input":{"@type":"PropertyValueSpecification","valueRequired":true,"valueName":"search_term_string"}}],"inLanguage":"fi"}]}},"_links":{"self":[{"href":"https:\/\/www.northcaravan.fi\/swe\/wp-json\/wp\/v2\/pages\/18","targetHints":{"allow":["GET"]}}],"collection":[{"href":"https:\/\/www.northcaravan.fi\/swe\/wp-json\/wp\/v2\/pages"}],"about":[{"href":"https:\/\/www.northcaravan.fi\/swe\/wp-json\/wp\/v2\/types\/page"}],"author":[{"embeddable":true,"href":"https:\/\/www.northcaravan.fi\/swe\/wp-json\/wp\/v2\/users\/1"}],"replies":[{"embeddable":true,"href":"https:\/\/www.northcaravan.fi\/swe\/wp-json\/wp\/v2\/comments?post=18"}],"version-history":[{"count":8,"href":"https:\/\/www.northcaravan.fi\/swe\/wp-json\/wp\/v2\/pages\/18\/revisions"}],"predecessor-version":[{"id":77,"href":"https:\/\/www.northcaravan.fi\/swe\/wp-json\/wp\/v2\/pages\/18\/revisions\/77"}],"wp:attachment":[{"href":"https:\/\/www.northcaravan.fi\/swe\/wp-json\/wp\/v2\/media?parent=18"}],"curies":[{"name":"wp","href":"https:\/\/api.w.org\/{rel}","templated":true}]}}