{"id":6,"date":"2017-01-03T09:05:42","date_gmt":"2017-01-03T07:05:42","guid":{"rendered":"http:\/\/whm24.louhi.net\/~northcar\/swe\/?page_id=6"},"modified":"2023-02-25T15:44:12","modified_gmt":"2023-02-25T13:44:12","slug":"husbil-fran-finland","status":"publish","type":"page","link":"https:\/\/www.northcaravan.fi\/swe\/","title":{"rendered":"Husbil f\u00f6r uthyrning i Finland, Ule\u00e5borg"},"content":{"rendered":"<div class=\"palsta500\">\n<h4>Passion f\u00f6r husvagnsliv<\/h4>\n<p><strong>Att resa med husvagn och k\u00e4nna sig precis som hemma. K\u00e4nslan av frihet, oberoende, att vara ett med naturen och samtidigt njuta av hemmakomfort &#8211; den f\u00e5r man bara n\u00e4r man reser med husvagn. Den som en g\u00e5ng k\u00e4nt denna passion f\u00f6r mobilt resande riskerar att bli fast f\u00f6r evigt. Vi delar denna entusiasm och arbetar varje dag med att uppfylla dina och v\u00e5ra semesterdr\u00f6mmar.<\/strong><\/p>\n<p>&nbsp;<\/p>\n<h4>North Caravan<\/h4>\n<p>North Caravan har praktiserat husbil hyror f\u00f6r 15 \u00e5r i Finland.<\/p>\n<p>Alla v\u00e5ra bilar har varit h\u00f6g kvalitet tyska LMC husbilar.<br \/>\nAlla v\u00e5ra bilar har alltid varit vatten centralv\u00e4rme och golvv\u00e4rme, som ocks\u00e5 \u00e4r n\u00e4rvarande hydronisk, s\u00e5 att det fungerar n\u00e4r de bor i freepark, utan yttre elektrisk anslutning.<\/p>\n<p>Till Ule\u00e5borg \u00e4r l\u00e4tt att komma fr\u00e5n s\u00f6der \u00e5kso. Ule\u00e5borg kan n\u00e5s med flyg eller t\u00e5g, till exempel, natt\u00e5get fr\u00e5n Helsingfors bekv\u00e4mt. Komma med egen bil kan l\u00e4mna sina bilar i v\u00e5r g\u00e5rd f\u00f6r en hyrestid.<\/p>\n<p>Husbilar var inte mer \u00e4n 3 \u00e5r gammal, nu \u00e4r det senaste f\u00f6rv\u00e4rvet av 2022 modell Adria Matrix 670 SL halvintegrerade med nedf\u00e4llbar s\u00e4ng ock stor garaget.<\/p>\n<\/div>\n<div class=\"palsta500\">\n<p><img loading=\"lazy\" decoding=\"async\" class=\"alignnone wp-image-34 size-full\" src=\"http:\/\/www.northcaravan.fi\/wp-content\/uploads\/2016\/12\/motorhome.jpg\" alt=\"Asuntoauto pohjoisessa\" width=\"505\" height=\"214\" \/><\/p>\n<p><img loading=\"lazy\" decoding=\"async\" class=\"alignnone wp-image-133 size-full\" src=\"http:\/\/www.northcaravan.fi\/wp-content\/uploads\/2016\/12\/lofooteille.jpg\" alt=\"AsuntoautoLofooteilla\" width=\"500\" height=\"256\" \/><\/p>\n<p><strong>Husbil m\u00e4rket \u00e4r:<\/strong> Fiat Ducato, Adria Matrix 670 SL<\/p>\n<p>Model 2022, Adria Matrix 670 SL<\/p>\n<p><strong>Bekv\u00e4mligheter:<\/strong><br \/>\n&#8211; Luftkonditionering<br \/>\n&#8211; Farth\u00e5llare<br \/>\n&#8211; Kylsk\u00e5p<br \/>\n&#8211; Marquis<br \/>\n&#8211; Dusch<br \/>\n&#8211; Stereo<br \/>\n&#8211; Spis<br \/>\n&#8211; Centralv\u00e4rme<\/p>\n<p><strong>Specifikationer:<\/strong><br \/>\n&#8211; Effekt: 109 kW \/ 148 hk<br \/>\n&#8211; Vikt: 3 500 kg<br \/>\n&#8211; Antal personer: 5<\/p>\n<p><a href=\"https:\/\/finlandtravel.fi\/listing\/north-caravan-finland\/\" target=\"_blank\" rel=\"noopener\"><img loading=\"lazy\" decoding=\"async\" class=\"alignnone size-full wp-image-92\" src=\"https:\/\/www.northcaravan.fi\/swe\/wp-content\/uploads\/sites\/3\/2021\/03\/Partner_Finlandtavel.png\" alt=\"Partner Finlandtavel.fi\" width=\"300\" height=\"261\" \/><\/a><\/p>\n<\/div>\n","protected":false},"excerpt":{"rendered":"<p>Passion f\u00f6r husvagnsliv Att resa med husvagn och k\u00e4nna sig precis som hemma. K\u00e4nslan av frihet, oberoende, att vara ett med naturen och samtidigt njuta av hemmakomfort &#8211; den f\u00e5r man bara n\u00e4r man reser med husvagn. Den som en g\u00e5ng k\u00e4nt denna passion f\u00f6r mobilt resande riskerar att bli fast f\u00f6r evigt. Vi delar&#8230;<\/p>\n","protected":false},"author":1,"featured_media":0,"parent":0,"menu_order":0,"comment_status":"closed","ping_status":"closed","template":"","meta":{"footnotes":""},"class_list":["post-6","page","type-page","status-publish","hentry"],"yoast_head":"<!-- This site is optimized with the Yoast SEO plugin v27.4 - https:\/\/yoast.com\/product\/yoast-seo-wordpress\/ -->\n<title>Husbil f\u00f6r uthyrning i Finland, Ule\u00e5borg - North Caravan Finland<\/title>\n<meta name=\"robots\" content=\"index, follow, max-snippet:-1, max-image-preview:large, max-video-preview:-1\" \/>\n<link rel=\"canonical\" href=\"https:\/\/www.northcaravan.fi\/swe\/\" \/>\n<meta property=\"og:locale\" content=\"fi_FI\" \/>\n<meta property=\"og:type\" content=\"article\" \/>\n<meta property=\"og:title\" content=\"Husbil f\u00f6r uthyrning i Finland, Ule\u00e5borg - North Caravan Finland\" \/>\n<meta property=\"og:description\" content=\"Passion f\u00f6r husvagnsliv Att resa med husvagn och k\u00e4nna sig precis som hemma. K\u00e4nslan av frihet, oberoende, att vara ett med naturen och samtidigt njuta av hemmakomfort &#8211; den f\u00e5r man bara n\u00e4r man reser med husvagn. Den som en g\u00e5ng k\u00e4nt denna passion f\u00f6r mobilt resande riskerar att bli fast f\u00f6r evigt. Vi delar...\" \/>\n<meta property=\"og:url\" content=\"https:\/\/www.northcaravan.fi\/swe\/\" \/>\n<meta property=\"og:site_name\" content=\"North Caravan Finland\" \/>\n<meta property=\"article:modified_time\" content=\"2023-02-25T13:44:12+00:00\" \/>\n<meta property=\"og:image\" content=\"http:\/\/www.northcaravan.fi\/wp-content\/uploads\/2016\/12\/motorhome.jpg\" \/>\n<meta name=\"twitter:card\" content=\"summary_large_image\" \/>\n<meta name=\"twitter:label1\" content=\"Arvioitu lukuaika\" \/>\n\t<meta name=\"twitter:data1\" content=\"2 minuuttia\" \/>\n<script type=\"application\/ld+json\" class=\"yoast-schema-graph\">{\"@context\":\"https:\\\/\\\/schema.org\",\"@graph\":[{\"@type\":\"WebPage\",\"@id\":\"https:\\\/\\\/www.northcaravan.fi\\\/swe\\\/\",\"url\":\"https:\\\/\\\/www.northcaravan.fi\\\/swe\\\/\",\"name\":\"Husbil f\u00f6r uthyrning i Finland, Ule\u00e5borg - North Caravan Finland\",\"isPartOf\":{\"@id\":\"https:\\\/\\\/www.northcaravan.fi\\\/swe\\\/#website\"},\"primaryImageOfPage\":{\"@id\":\"https:\\\/\\\/www.northcaravan.fi\\\/swe\\\/#primaryimage\"},\"image\":{\"@id\":\"https:\\\/\\\/www.northcaravan.fi\\\/swe\\\/#primaryimage\"},\"thumbnailUrl\":\"http:\\\/\\\/www.northcaravan.fi\\\/wp-content\\\/uploads\\\/2016\\\/12\\\/motorhome.jpg\",\"datePublished\":\"2017-01-03T07:05:42+00:00\",\"dateModified\":\"2023-02-25T13:44:12+00:00\",\"breadcrumb\":{\"@id\":\"https:\\\/\\\/www.northcaravan.fi\\\/swe\\\/#breadcrumb\"},\"inLanguage\":\"fi\",\"potentialAction\":[{\"@type\":\"ReadAction\",\"target\":[\"https:\\\/\\\/www.northcaravan.fi\\\/swe\\\/\"]}]},{\"@type\":\"ImageObject\",\"inLanguage\":\"fi\",\"@id\":\"https:\\\/\\\/www.northcaravan.fi\\\/swe\\\/#primaryimage\",\"url\":\"http:\\\/\\\/www.northcaravan.fi\\\/wp-content\\\/uploads\\\/2016\\\/12\\\/motorhome.jpg\",\"contentUrl\":\"http:\\\/\\\/www.northcaravan.fi\\\/wp-content\\\/uploads\\\/2016\\\/12\\\/motorhome.jpg\"},{\"@type\":\"BreadcrumbList\",\"@id\":\"https:\\\/\\\/www.northcaravan.fi\\\/swe\\\/#breadcrumb\",\"itemListElement\":[{\"@type\":\"ListItem\",\"position\":1,\"name\":\"Etusivu\",\"item\":\"https:\\\/\\\/www.northcaravan.fi\\\/swe\\\/\"},{\"@type\":\"ListItem\",\"position\":2,\"name\":\"Husbil f\u00f6r uthyrning i Finland, Ule\u00e5borg\"}]},{\"@type\":\"WebSite\",\"@id\":\"https:\\\/\\\/www.northcaravan.fi\\\/swe\\\/#website\",\"url\":\"https:\\\/\\\/www.northcaravan.fi\\\/swe\\\/\",\"name\":\"North Caravan Finland\",\"description\":\"Husbil f\u00f6r uthyrning i Finland\",\"potentialAction\":[{\"@type\":\"SearchAction\",\"target\":{\"@type\":\"EntryPoint\",\"urlTemplate\":\"https:\\\/\\\/www.northcaravan.fi\\\/swe\\\/?s={search_term_string}\"},\"query-input\":{\"@type\":\"PropertyValueSpecification\",\"valueRequired\":true,\"valueName\":\"search_term_string\"}}],\"inLanguage\":\"fi\"}]}<\/script>\n<!-- \/ Yoast SEO plugin. -->","yoast_head_json":{"title":"Husbil f\u00f6r uthyrning i Finland, Ule\u00e5borg - North Caravan Finland","robots":{"index":"index","follow":"follow","max-snippet":"max-snippet:-1","max-image-preview":"max-image-preview:large","max-video-preview":"max-video-preview:-1"},"canonical":"https:\/\/www.northcaravan.fi\/swe\/","og_locale":"fi_FI","og_type":"article","og_title":"Husbil f\u00f6r uthyrning i Finland, Ule\u00e5borg - North Caravan Finland","og_description":"Passion f\u00f6r husvagnsliv Att resa med husvagn och k\u00e4nna sig precis som hemma. K\u00e4nslan av frihet, oberoende, att vara ett med naturen och samtidigt njuta av hemmakomfort &#8211; den f\u00e5r man bara n\u00e4r man reser med husvagn. Den som en g\u00e5ng k\u00e4nt denna passion f\u00f6r mobilt resande riskerar att bli fast f\u00f6r evigt. Vi delar...","og_url":"https:\/\/www.northcaravan.fi\/swe\/","og_site_name":"North Caravan Finland","article_modified_time":"2023-02-25T13:44:12+00:00","og_image":[{"url":"http:\/\/www.northcaravan.fi\/wp-content\/uploads\/2016\/12\/motorhome.jpg","type":"","width":"","height":""}],"twitter_card":"summary_large_image","twitter_misc":{"Arvioitu lukuaika":"2 minuuttia"},"schema":{"@context":"https:\/\/schema.org","@graph":[{"@type":"WebPage","@id":"https:\/\/www.northcaravan.fi\/swe\/","url":"https:\/\/www.northcaravan.fi\/swe\/","name":"Husbil f\u00f6r uthyrning i Finland, Ule\u00e5borg - North Caravan Finland","isPartOf":{"@id":"https:\/\/www.northcaravan.fi\/swe\/#website"},"primaryImageOfPage":{"@id":"https:\/\/www.northcaravan.fi\/swe\/#primaryimage"},"image":{"@id":"https:\/\/www.northcaravan.fi\/swe\/#primaryimage"},"thumbnailUrl":"http:\/\/www.northcaravan.fi\/wp-content\/uploads\/2016\/12\/motorhome.jpg","datePublished":"2017-01-03T07:05:42+00:00","dateModified":"2023-02-25T13:44:12+00:00","breadcrumb":{"@id":"https:\/\/www.northcaravan.fi\/swe\/#breadcrumb"},"inLanguage":"fi","potentialAction":[{"@type":"ReadAction","target":["https:\/\/www.northcaravan.fi\/swe\/"]}]},{"@type":"ImageObject","inLanguage":"fi","@id":"https:\/\/www.northcaravan.fi\/swe\/#primaryimage","url":"http:\/\/www.northcaravan.fi\/wp-content\/uploads\/2016\/12\/motorhome.jpg","contentUrl":"http:\/\/www.northcaravan.fi\/wp-content\/uploads\/2016\/12\/motorhome.jpg"},{"@type":"BreadcrumbList","@id":"https:\/\/www.northcaravan.fi\/swe\/#breadcrumb","itemListElement":[{"@type":"ListItem","position":1,"name":"Etusivu","item":"https:\/\/www.northcaravan.fi\/swe\/"},{"@type":"ListItem","position":2,"name":"Husbil f\u00f6r uthyrning i Finland, Ule\u00e5borg"}]},{"@type":"WebSite","@id":"https:\/\/www.northcaravan.fi\/swe\/#website","url":"https:\/\/www.northcaravan.fi\/swe\/","name":"North Caravan Finland","description":"Husbil f\u00f6r uthyrning i Finland","potentialAction":[{"@type":"SearchAction","target":{"@type":"EntryPoint","urlTemplate":"https:\/\/www.northcaravan.fi\/swe\/?s={search_term_string}"},"query-input":{"@type":"PropertyValueSpecification","valueRequired":true,"valueName":"search_term_string"}}],"inLanguage":"fi"}]}},"_links":{"self":[{"href":"https:\/\/www.northcaravan.fi\/swe\/wp-json\/wp\/v2\/pages\/6","targetHints":{"allow":["GET"]}}],"collection":[{"href":"https:\/\/www.northcaravan.fi\/swe\/wp-json\/wp\/v2\/pages"}],"about":[{"href":"https:\/\/www.northcaravan.fi\/swe\/wp-json\/wp\/v2\/types\/page"}],"author":[{"embeddable":true,"href":"https:\/\/www.northcaravan.fi\/swe\/wp-json\/wp\/v2\/users\/1"}],"replies":[{"embeddable":true,"href":"https:\/\/www.northcaravan.fi\/swe\/wp-json\/wp\/v2\/comments?post=6"}],"version-history":[{"count":14,"href":"https:\/\/www.northcaravan.fi\/swe\/wp-json\/wp\/v2\/pages\/6\/revisions"}],"predecessor-version":[{"id":100,"href":"https:\/\/www.northcaravan.fi\/swe\/wp-json\/wp\/v2\/pages\/6\/revisions\/100"}],"wp:attachment":[{"href":"https:\/\/www.northcaravan.fi\/swe\/wp-json\/wp\/v2\/media?parent=6"}],"curies":[{"name":"wp","href":"https:\/\/api.w.org\/{rel}","templated":true}]}}